NOAA-Style Climate Reports

Select a Year or Month report
2018: Gen Feb Mar Apr Mag Giu Lug Ago Set Ott Nov Dic
2017: Gen Feb Mar Apr Mag Giu Lug Ago Set Ott Nov Dic
2016: Gen Feb Mar Apr Mag Giu Lug Ago Set Ott Nov Dic
2015: Gen Feb Mar Apr Mag Giu Lug Ago Set Ott Nov Dic

Report for 2018 Luglio
´╗┐                   Monthly Climatological Summary for lug 2018

Name: Meteo Galileo   City: Siena   State: Italia
Elevation: 320 m  Lat: N 43┬° 19' 28"   Lon: E 011┬° 19' 18"

                  Temperature (┬°C), Rain (mm), Wind Speed (km/h)

                                      Heat  Cool        Avg
    Mean                              Deg   Deg         Wind                 Dom
Day Temp  High   Time   Low    Time   Days  Days  Rain  Speed High   Time    Dir
----------------------------------------------------------------------------------
 1  24,4  31,2   15:00  18,1   06:00   0,0   6,1   0,0   3,0  22,5   17:00     W
 2  24,2  30,5   17:30  17,3   06:00   0,0   6,0   0,0   3,5  24,1   15:00     W
 3  24,6  30,0   15:30  20,6   06:00   0,0   6,3   0,0   3,9  24,1   19:00   WNW
 4  24,2  28,9   17:00  19,1   06:30   0,0   5,9   0,0   3,7  22,5   17:30   WNW
 5  24,2  29,4   16:00  19,8   05:30   0,0   5,9   0,0   4,2  24,1   16:00     W
 6  23,5  27,4   15:30  19,8   06:30   0,0   5,2   0,0   4,8  35,4   16:30     W
 7  22,8  30,0   15:30  18,6   17:30   0,0   4,5  21,0   2,1  33,8   17:00     S
 8  23,8  30,3   16:00  17,2   05:00   0,1   5,6   0,0   2,8  25,7   19:30     W
 9  25,2  31,2   17:30  19,3   06:30   0,0   6,9   0,0   2,0  22,5   20:30   SSW
10  24,4  29,3   15:14  19,1   06:00   0,0   5,8   0,0   3,6  27,4   18:13     W
11  24,0  29,1   17:00  19,8   05:30   0,0   5,7   0,0   4,3  27,4   16:00     W
12  23,7  28,4   15:30  18,4   06:30   0,0   5,4   0,0   3,0  24,1   19:00     W
13  24,5  30,7   16:00  17,7   06:00   0,0   6,0   0,0   3,1  22,5   17:30     W
14  26,1  33,4   16:26  18,1   06:19   0,0   7,8   0,0   2,2  17,7   17:35     W
15  25,7  31,3   15:27  20,8   04:23   0,0   7,4   0,0   4,5  37,0   18:49   WNW
16  24,0  29,4   16:21  19,2   03:57   0,0   5,7   0,0   3,2  32,2   19:25   WSW
17  22,5  29,6   15:56  16,3   06:38   0,4   4,5   4,8   4,6  29,0   00:00     W
18  24,8  31,8   14:52  17,7   06:38   0,0   6,5   0,0   3,6  30,6   18:34     W
19  24,9  31,6   15:54  17,3   06:13   0,0   6,6   0,0   3,9  24,1   17:15     W
20  24,9  30,7   17:51  18,4   04:57   0,0   6,6   0,0   3,8  25,7   14:55   WNW
21  24,2  29,4   16:21  19,3   05:36   0,0   5,9   0,0   4,3  27,4   16:51     W
22  23,5  27,2   14:43  19,5   06:40   0,0   5,2   0,3   6,4  35,4   13:44     W
----------------------------------------------------------------------------------
    24,3  33,4    14    16,3    17     0,5 131,5  26,1   3,7  37,0    15       W

Max >=  34,0:  0
Max <=   0,0:  0
Min <=   0,0:  0
Min <= -10,0:  0
Max Rain: 21,0 on day 7
Days of Rain: 3 (>= 0,2 mm)  2 (>= 1,0 mm)  1 (>= 20,0 mm)
Heat Base: 18,3  Cool Base: 18,3  Method: Integration