NOAA-Style Climate Reports

Select a Year or Month report
2018: Gen Feb Mar Apr Mag Giu Lug Ago Set Ott Nov Dic
2017: Gen Feb Mar Apr Mag Giu Lug Ago Set Ott Nov Dic
2016: Gen Feb Mar Apr Mag Giu Lug Ago Set Ott Nov Dic
2015: Gen Feb Mar Apr Mag Giu Lug Ago Set Ott Nov Dic

Report for 2018 Maggio
´╗┐                   Monthly Climatological Summary for mag 2018

Name: Meteo Galileo   City: Siena   State: Italia
Elevation: 320 m  Lat: N 43┬° 19' 28"   Lon: E 011┬° 19' 18"

                  Temperature (┬°C), Rain (mm), Wind Speed (km/h)

                                      Heat  Cool        Avg
    Mean                              Deg   Deg         Wind                 Dom
Day Temp  High   Time   Low    Time   Days  Days  Rain  Speed High   Time    Dir
----------------------------------------------------------------------------------
 1  12,5  14,9   14:56  10,7   08:17   5,8   0,0   6,4   1,1  17,7   10:17    SE
 2  14,0  19,3   14:13  10,6   04:02   4,4   0,0  21,6   2,4  19,3   02:55     E
 3  16,1  19,0   17:59  13,1   01:17   2,2   0,0   1,8   8,4  43,5   11:55   ESE
 4  16,4  20,4   13:35  14,1   23:58   2,1   0,2  14,6   5,1  32,2   07:56   ESE
 5  17,2  24,6   16:20  13,3   05:15   2,4   1,2   1,1   2,5  27,4   17:00   ESE
 6  17,1  21,4   16:30  13,7   04:15   1,8   0,6   3,1   1,7  16,1   14:02   WNW
 7  16,9  24,4   14:56  12,8   06:13   2,2   0,8   0,3   1,6  25,7   14:58   NNW
 8  16,6  22,8   12:41  13,9   04:10   2,4   0,7   4,5   2,2  29,0   15:32   WNW
 9  16,2  21,7   17:00  13,6   06:30   2,7   0,6   5,6   2,1  29,0   18:00   WNW
10  15,8  20,8   12:30  11,3   06:30   2,6   0,2  10,6   2,5  17,7   19:04     W
11  16,6  22,1   14:36  12,4   05:01   2,4   0,6   1,7   2,7  24,1   16:55     W
12  17,2  22,4   16:25  13,8   05:29   2,0   0,8   0,0   4,0  22,5   14:58   WNW
13  16,9  22,4   15:27  13,1   07:17   2,4   0,9  13,2   3,7  30,6   16:53     W
14  11,3  15,8   12:04   9,3   05:41   7,0   0,0  10,9   5,0  32,2   01:11   WNW
15  10,9  14,2   18:30   8,8   03:07   7,3   0,0   9,0   2,0  19,3   11:58     W
16  12,8  17,0   14:00  10,1   07:00   5,5   0,0  10,1   1,1  30,6   15:00   SSW
17  13,8  18,5   12:00  10,7   05:30   4,3   0,0   1,1   1,2  20,9   14:30     W
18  17,1  24,1   13:58   8,8   06:01   2,9   1,6   0,0   1,6  17,7   14:26   ESE
19  19,4  26,0   15:41  12,7   05:49   1,5   2,6   0,0   2,2  22,5   10:45    SE
20  19,3  26,7   15:18  14,0   06:32   1,4   2,4   2,5   3,1  25,7   15:38   ESE
21  17,8  24,9   12:27  13,6   05:53   1,8   1,3   9,8   1,6  20,9   14:03     S
22  16,4  19,9   18:55  14,6   01:47   1,9   0,1  19,0   2,1  20,9   12:26     W
23  17,0  22,2   14:02  14,1   05:09   1,8   0,5   0,0   3,0  22,5   15:57   WNW
----------------------------------------------------------------------------------
    15,9  26,7    20     8,8    15    70,8  15,1 146,9   2,8  43,5     3     WSW

Max >=  34,0:  0
Max <=   0,0:  0
Min <=   0,0:  0
Min <= -10,0:  0
Max Rain: 21,6 on day 2
Days of Rain: 19 (>= 0,2 mm)  18 (>= 1,0 mm)  1 (>= 20,0 mm)
Heat Base: 18,3  Cool Base: 18,3  Method: Integration